{"id":3,"date":"2023-05-10T11:41:17","date_gmt":"2023-05-10T11:41:17","guid":{"rendered":"https:\/\/hydropyc.com\/servodrive\/?page_id=3"},"modified":"2023-05-11T17:10:22","modified_gmt":"2023-05-11T15:10:22","slug":"politica-privacidad","status":"publish","type":"page","link":"https:\/\/hydropyc.com\/servodrive\/politica-privacidad\/","title":{"rendered":"Pol\u00edtica de privacidad"},"content":{"rendered":"\n<p>Esta Pol\u00edtica de Privacidad podr\u00eda variar en funci\u00f3n de exigencias legislativas o de autorregulaci\u00f3n, por lo que se aconseja a los usuarios que la visiten peri\u00f3dicamente. Ser\u00e1 aplicable en caso de que los usuarios decidan rellenar alg\u00fan formulario de cualquiera de sus formularios de contacto donde se recaben datos de car\u00e1cter personal.<\/p>\n\n\n\n<p>A efectos de lo previsto en el Reglamento General de Protecci\u00f3n de Datos, los datos personales enviados a trav\u00e9s de los formularios de la web recibir\u00e1n el tratamiento de datos de \u201cUsuarios de la web\u201d.<\/p>\n\n\n\n<h2 class=\"wp-block-heading\">Principios que se aplican a la informaci\u00f3n personal<\/h2>\n\n\n\n<p>En el tratamiento de los datos personales se aplicar\u00e1n los siguientes principios que se ajustan a las exigencias del nuevo reglamento europeo de protecci\u00f3n de datos:<\/p>\n\n\n\n<ul class=\"wp-block-list\">\n<li><strong>Principio de licitud, lealtad y transparencia:<\/strong>&nbsp;siempre se requerir\u00e1 el consentimiento del usuario para el tratamiento de sus datos personales para uno o varios fines espec\u00edficos de los que se informar\u00e1 en el proceso.<\/li>\n\n\n\n<li><strong>Principio de minimizaci\u00f3n de datos:<\/strong>&nbsp;se recabar\u00e1n los datos imprescindibles para resolver la solicitud.<\/li>\n\n\n\n<li><strong>Principio de limitaci\u00f3n del plazo de conservaci\u00f3n:<\/strong>&nbsp;los datos ser\u00e1n mantenidos durante no m\u00e1s tiempo del necesario para los fines del tratamiento.<\/li>\n\n\n\n<li><strong>Principio de integridad y confidencialidad:<\/strong>&nbsp;los datos ser\u00e1n tratados de tal manera que se garantice una seguridad adecuada de los datos personales y se garantice confidencialidad.<\/li>\n<\/ul>\n\n\n\n<h2 class=\"wp-block-heading\">\u00bfC\u00f3mo se obtienen los datos?<\/h2>\n\n\n\n<p>Los datos personales tratados en Hydopyc.com proceden de formularios de contacto.<\/p>\n\n\n\n<h2 class=\"wp-block-heading\">Derechos del usuario sobre los datos<\/h2>\n\n\n\n<p>Cualquier persona tiene derecho a obtener confirmaci\u00f3n sobre si en Hydropyc se est\u00e1n tratando sus datos personales. Las personas interesadas tienen derecho a:<\/p>\n\n\n\n<ul class=\"wp-block-list\">\n<li>Solicitar el acceso a los datos personales relativos al interesado<\/li>\n\n\n\n<li>Solicitar su rectificaci\u00f3n o supresi\u00f3n<\/li>\n\n\n\n<li>Solicitar la limitaci\u00f3n de su tratamiento<\/li>\n\n\n\n<li>Oponerse al tratamiento<\/li>\n\n\n\n<li>Solicitar la portabilidad de los datos<\/li>\n<\/ul>\n\n\n\n<p>Los interesados podr\u00e1n&nbsp;<strong>acceder<\/strong>&nbsp;a sus datos personales, as\u00ed como a solicitar la&nbsp;<strong>rectificaci\u00f3n<\/strong>&nbsp;de los datos inexactos o, en su caso, solicitar su&nbsp;<strong>supresi\u00f3n<\/strong>&nbsp;cuando, entre otros motivos, los datos ya no sean necesarios para los fines que fueron recogidos. En determinadas circunstancias, los interesados podr\u00e1n solicitar la&nbsp;<strong>limitaci\u00f3n<\/strong>&nbsp;del tratamiento de sus datos, en cuyo caso \u00fanicamente se conservar\u00e1n para el ejercicio o la defensa de reclamaciones.<\/p>\n\n\n\n<h2 class=\"wp-block-heading\">\u00bfCon qu\u00e9 finalidad se tratan los datos?<\/h2>\n\n\n\n<p>Para resolver consultas de la forma m\u00e1s adecuada posible. Hydropyc, no vende, alquila ni cede datos de car\u00e1cter personal que puedan identificar al usuario, ni lo har\u00e1 en el futuro, a terceros sin el consentimiento previo. Sin embargo, en algunos casos se pueden realizar colaboraciones con otros profesionales, en esos casos, se requerir\u00e1 consentimiento a los usuarios informando sobre la identidad del colaborador y la finalidad de la colaboraci\u00f3n.<\/p>\n\n\n\n<h2 class=\"wp-block-heading\">Legitimaci\u00f3n para el tratamiento de los datos<\/h2>\n\n\n\n<p>La base legal para el tratamiento de sus datos es: el consentimiento.<\/p>\n\n\n\n<p>Para contactar a trav\u00e9s de este sitio web se requiere el consentimiento de esta pol\u00edtica de privacidad.<\/p>\n\n\n\n<p>La oferta prospectiva o comercial de productos y servicios est\u00e1 basada en el consentimiento que se le solicita, sin que en ning\u00fan caso la retirada de este consentimiento condicione la ejecuci\u00f3n del contrato de suscripci\u00f3n.<\/p>\n\n\n\n<h2 class=\"wp-block-heading\">Categor\u00eda de datos<\/h2>\n\n\n\n<p>Las categor\u00edas de datos que se tratan son datos identificativos.<\/p>\n\n\n\n<p>No se tratan categor\u00edas de datos especialmente protegidos.<\/p>\n\n\n\n<h2 class=\"wp-block-heading\">\u00bfPor cu\u00e1nto tiempo se conservan los datos?<\/h2>\n\n\n\n<p><strong>Los datos personales proporcionados se conservar\u00e1n:<\/strong><\/p>\n\n\n\n<ul class=\"wp-block-list\">\n<li>Hasta que no se solicite su supresi\u00f3n por el interesado.<\/li>\n<\/ul>\n\n\n\n<h2 class=\"wp-block-heading\">\u00bfA qu\u00e9 destinatarios se comunicar\u00e1n los datos?<\/h2>\n\n\n\n<p>Algunas herramientas utilizadas para gestionar datos son contratadas a terceros.<\/p>\n\n\n\n<p>Para prestar servicios estrictamente necesarios para el desarrollo de la actividad, Hydropyc, comparte datos con los siguientes prestadores bajo sus correspondientes condiciones de privacidad:<\/p>\n\n\n\n<p><strong>Google Analytics:<\/strong>&nbsp;un servicio anal\u00edtico de web prestado por Google, Inc., una compa\u00f1\u00eda de Delaware cuya oficina principal est\u00e1 en 1600 Amphitheatre Parkway, Mountain View (California), CA 94043, Estados Unidos (\u201cGoogle\u201d). Google Analytics utiliza \u201ccookies\u201d, que son archivos de texto ubicados en el equipo del usuario, para ayudar a analizar el uso que hacen los usuarios del sitio web. La informaci\u00f3n que genera la cookie acerca de su uso ser\u00e1 directamente transmitida y archivada por Google en los servidores de Estados Unidos.<\/p>\n\n\n\n<p><strong>Hosting:<\/strong>&nbsp;Dinahosting, con domicilio en Espa\u00f1a. M\u00e1s informaci\u00f3n en: https:\/\/dinahosting.com\/<\/p>\n\n\n\n<h2 class=\"wp-block-heading\">Navegaci\u00f3n<\/h2>\n\n\n\n<p>Al navegar por hydropyc.com \/ servodrive.es se pueden recoger datos no identificables, que pueden incluir, direcciones IP, ubicaci\u00f3n geogr\u00e1fica (aproximadamente), un registro de c\u00f3mo se utilizan los servicios y sitios, y otros datos que no pueden ser utilizados para identificar al usuario. Entre los datos no identificativos est\u00e1n tambi\u00e9n los relacionados a los h\u00e1bitos de navegaci\u00f3n a trav\u00e9s de servicios de terceros.\u00a0Esta web utiliza los siguientes servicios de an\u00e1lisis de terceros:<\/p>\n\n\n\n<ul class=\"wp-block-list\">\n<li>Google analytics<\/li>\n<\/ul>\n\n\n\n<p>Utilizamos esta informaci\u00f3n para analizar tendencias, administrar el sitio, rastrear los movimientos de los usuarios alrededor del sitio y para recopilar informaci\u00f3n demogr\u00e1fica sobre la base de usuarios en su conjunto.<\/p>\n\n\n\n<h2 class=\"wp-block-heading\">Secreto y seguridad de los datos<\/h2>\n\n\n\n<p>Hydropyc se compromete en el uso y tratamiento de los datos incluidos personales de los usuarios, respetando su confidencialidad y a utilizarlos de acuerdo con la finalidad del mismo, as\u00ed como a dar cumplimiento a su obligaci\u00f3n de guardarlos y adaptar todas las medidas para evitar la alteraci\u00f3n, p\u00e9rdida, tratamiento o acceso no autorizado, de conformidad con lo establecido en la normativa vigente de protecci\u00f3n de datos.<\/p>\n\n\n\n<p>Hydropyc no puede garantizar la absoluta inexpugnabilidad de la red Internet y por tanto la violaci\u00f3n de los datos mediante accesos fraudulentos a ellos por parte de terceros.<\/p>\n\n\n\n<h2 class=\"wp-block-heading\">Exactitud y veracidad de los datos<\/h2>\n\n\n\n<p>El usuario es el \u00fanico responsable de la veracidad y correcci\u00f3n de los datos que remitas a Hydropyc.<\/p>\n\n\n\n<p>Los usuarios garantizan y responden, en cualquier caso, de la exactitud, vigencia y autenticidad de los datos personales facilitados, y se comprometen a mantenerlos debidamente actualizados. El usuario acepta proporcionar informaci\u00f3n completa y correcta en el formulario de contacto o suscripci\u00f3n.<\/p>\n\n\n\n<h2 class=\"wp-block-heading\">Aceptaci\u00f3n y consentimiento<\/h2>\n\n\n\n<p>El usuario declara haber sido informado de las condiciones sobre protecci\u00f3n de datos de car\u00e1cter personal, aceptando y consintiendo el tratamiento de los mismos por parte de Hydropyc en la forma y para las finalidades indicadas en esta pol\u00edtica de privacidad.<\/p>\n\n\n\n<h2 class=\"wp-block-heading\">Revocabilidad<\/h2>\n\n\n\n<p>El consentimiento prestado, tanto para el tratamiento como para la cesi\u00f3n de los datos de los interesados, es revocable en cualquier momento comunic\u00e1ndolo a Hydropyc en los t\u00e9rminos establecidos en esta Pol\u00edtica para el ejercicio de los derechos ARCO. Esta revocaci\u00f3n en ning\u00fan caso tendr\u00e1 car\u00e1cter retroactivo.<\/p>\n\n\n\n<h2 class=\"wp-block-heading\">Cambios en la pol\u00edtica de privacidad<\/h2>\n\n\n\n<p>Hydropyc se reserva el derecho a modificar la presente pol\u00edtica para adaptarla a novedades legislativas o jurisprudenciales, as\u00ed como a pr\u00e1cticas de la industria<\/p>\n","protected":false},"excerpt":{"rendered":"<p>Esta Pol\u00edtica de Privacidad podr\u00eda variar en funci\u00f3n de exigencias legislativas o de autorregulaci\u00f3n, por lo que se aconseja a los usuarios que la visiten peri\u00f3dicamente. Ser\u00e1 aplicable en caso de que los usuarios decidan rellenar alg\u00fan formulario de cualquiera de sus formularios de contacto donde se recaben datos de car\u00e1cter personal. A efectos de &hellip;<\/p>\n<p class=\"read-more\"> <a class=\"\" href=\"https:\/\/hydropyc.com\/servodrive\/politica-privacidad\/\"> <span class=\"screen-reader-text\">Pol\u00edtica de privacidad<\/span> Leer m\u00e1s &raquo;<\/a><\/p>\n","protected":false},"author":1,"featured_media":0,"parent":0,"menu_order":99,"comment_status":"closed","ping_status":"closed","template":"","meta":{"inline_featured_image":false,"site-sidebar-layout":"default","site-content-layout":"","ast-site-content-layout":"","site-content-style":"default","site-sidebar-style":"default","ast-global-header-display":"","ast-banner-title-visibility":"","ast-main-header-display":"","ast-hfb-above-header-display":"","ast-hfb-below-header-display":"","ast-hfb-mobile-header-display":"","site-post-title":"","ast-breadcrumbs-content":"","ast-featured-img":"","footer-sml-layout":"","theme-transparent-header-meta":"","adv-header-id-meta":"","stick-header-meta":"","header-above-stick-meta":"","header-main-stick-meta":"","header-below-stick-meta":"","astra-migrate-meta-layouts":"","ast-page-background-enabled":"default","ast-page-background-meta":{"desktop":{"background-color":"var(--ast-global-color-4)","background-image":"","background-repeat":"repeat","background-position":"center center","background-size":"auto","background-attachment":"scroll","background-type":"","background-media":"","overlay-type":"","overlay-color":"","overlay-gradient":""},"tablet":{"background-color":"","background-image":"","background-repeat":"repeat","background-position":"center center","background-size":"auto","background-attachment":"scroll","background-type":"","background-media":"","overlay-type":"","overlay-color":"","overlay-gradient":""},"mobile":{"background-color":"","background-image":"","background-repeat":"repeat","background-position":"center center","background-size":"auto","background-attachment":"scroll","background-type":"","background-media":"","overlay-type":"","overlay-color":"","overlay-gradient":""}},"ast-content-background-meta":{"desktop":{"background-color":"var(--ast-global-color-5)","background-image":"","background-repeat":"repeat","background-position":"center center","background-size":"auto","background-attachment":"scroll","background-type":"","background-media":"","overlay-type":"","overlay-color":"","overlay-gradient":""},"tablet":{"background-color":"var(--ast-global-color-5)","background-image":"","background-repeat":"repeat","background-position":"center center","background-size":"auto","background-attachment":"scroll","background-type":"","background-media":"","overlay-type":"","overlay-color":"","overlay-gradient":""},"mobile":{"background-color":"var(--ast-global-color-5)","background-image":"","background-repeat":"repeat","background-position":"center center","background-size":"auto","background-attachment":"scroll","background-type":"","background-media":"","overlay-type":"","overlay-color":"","overlay-gradient":""}},"footnotes":""},"class_list":["post-3","page","type-page","status-publish","hentry"],"yoast_head":"<!-- This site is optimized with the Yoast SEO plugin v21.5 - https:\/\/yoast.com\/wordpress\/plugins\/seo\/ -->\n<title>Pol\u00edtica de privacidad - ServoDrive<\/title>\n<meta name=\"robots\" content=\"index, follow, max-snippet:-1, max-image-preview:large, max-video-preview:-1\" \/>\n<link rel=\"canonical\" href=\"https:\/\/hydropyc.com\/servodrive\/politica-privacidad\/\" \/>\n<meta property=\"og:locale\" content=\"es_ES\" \/>\n<meta property=\"og:type\" content=\"article\" \/>\n<meta property=\"og:title\" content=\"Pol\u00edtica de privacidad - ServoDrive\" \/>\n<meta property=\"og:description\" content=\"Esta Pol\u00edtica de Privacidad podr\u00eda variar en funci\u00f3n de exigencias legislativas o de autorregulaci\u00f3n, por lo que se aconseja a los usuarios que la visiten peri\u00f3dicamente. Ser\u00e1 aplicable en caso de que los usuarios decidan rellenar alg\u00fan formulario de cualquiera de sus formularios de contacto donde se recaben datos de car\u00e1cter personal. A efectos de &hellip; Pol\u00edtica de privacidad Leer m\u00e1s &raquo;\" \/>\n<meta property=\"og:url\" content=\"https:\/\/hydropyc.com\/servodrive\/politica-privacidad\/\" \/>\n<meta property=\"og:site_name\" content=\"ServoDrive\" \/>\n<meta property=\"article:modified_time\" content=\"2023-05-11T15:10:22+00:00\" \/>\n<meta name=\"twitter:card\" content=\"summary_large_image\" \/>\n<meta name=\"twitter:label1\" content=\"Tiempo de lectura\" \/>\n\t<meta name=\"twitter:data1\" content=\"6 minutos\" \/>\n<script type=\"application\/ld+json\" class=\"yoast-schema-graph\">{\"@context\":\"https:\/\/schema.org\",\"@graph\":[{\"@type\":\"WebPage\",\"@id\":\"https:\/\/hydropyc.com\/servodrive\/politica-privacidad\/\",\"url\":\"https:\/\/hydropyc.com\/servodrive\/politica-privacidad\/\",\"name\":\"Pol\u00edtica de privacidad - ServoDrive\",\"isPartOf\":{\"@id\":\"https:\/\/hydropyc.com\/servodrive\/#website\"},\"datePublished\":\"2023-05-10T11:41:17+00:00\",\"dateModified\":\"2023-05-11T15:10:22+00:00\",\"breadcrumb\":{\"@id\":\"https:\/\/hydropyc.com\/servodrive\/politica-privacidad\/#breadcrumb\"},\"inLanguage\":\"es\",\"potentialAction\":[{\"@type\":\"ReadAction\",\"target\":[\"https:\/\/hydropyc.com\/servodrive\/politica-privacidad\/\"]}]},{\"@type\":\"BreadcrumbList\",\"@id\":\"https:\/\/hydropyc.com\/servodrive\/politica-privacidad\/#breadcrumb\",\"itemListElement\":[{\"@type\":\"ListItem\",\"position\":1,\"name\":\"Portada\",\"item\":\"https:\/\/hydropyc.com\/servodrive\/\"},{\"@type\":\"ListItem\",\"position\":2,\"name\":\"Pol\u00edtica de privacidad\"}]},{\"@type\":\"WebSite\",\"@id\":\"https:\/\/hydropyc.com\/servodrive\/#website\",\"url\":\"https:\/\/hydropyc.com\/servodrive\/\",\"name\":\"ServoDrive\",\"description\":\"\",\"publisher\":{\"@id\":\"https:\/\/hydropyc.com\/servodrive\/#organization\"},\"potentialAction\":[{\"@type\":\"SearchAction\",\"target\":{\"@type\":\"EntryPoint\",\"urlTemplate\":\"https:\/\/hydropyc.com\/servodrive\/?s={search_term_string}\"},\"query-input\":\"required name=search_term_string\"}],\"inLanguage\":\"es\"},{\"@type\":\"Organization\",\"@id\":\"https:\/\/hydropyc.com\/servodrive\/#organization\",\"name\":\"ServoDrive\",\"url\":\"https:\/\/hydropyc.com\/servodrive\/\",\"logo\":{\"@type\":\"ImageObject\",\"inLanguage\":\"es\",\"@id\":\"https:\/\/hydropyc.com\/servodrive\/#\/schema\/logo\/image\/\",\"url\":\"https:\/\/hydropyc.com\/servodrive\/wp-content\/uploads\/2023\/05\/imagotipo-servodrive.png\",\"contentUrl\":\"https:\/\/hydropyc.com\/servodrive\/wp-content\/uploads\/2023\/05\/imagotipo-servodrive.png\",\"width\":273,\"height\":67,\"caption\":\"ServoDrive\"},\"image\":{\"@id\":\"https:\/\/hydropyc.com\/servodrive\/#\/schema\/logo\/image\/\"}}]}<\/script>\n<!-- \/ Yoast SEO plugin. -->","yoast_head_json":{"title":"Pol\u00edtica de privacidad - ServoDrive","robots":{"index":"index","follow":"follow","max-snippet":"max-snippet:-1","max-image-preview":"max-image-preview:large","max-video-preview":"max-video-preview:-1"},"canonical":"https:\/\/hydropyc.com\/servodrive\/politica-privacidad\/","og_locale":"es_ES","og_type":"article","og_title":"Pol\u00edtica de privacidad - ServoDrive","og_description":"Esta Pol\u00edtica de Privacidad podr\u00eda variar en funci\u00f3n de exigencias legislativas o de autorregulaci\u00f3n, por lo que se aconseja a los usuarios que la visiten peri\u00f3dicamente. Ser\u00e1 aplicable en caso de que los usuarios decidan rellenar alg\u00fan formulario de cualquiera de sus formularios de contacto donde se recaben datos de car\u00e1cter personal. A efectos de &hellip; Pol\u00edtica de privacidad Leer m\u00e1s &raquo;","og_url":"https:\/\/hydropyc.com\/servodrive\/politica-privacidad\/","og_site_name":"ServoDrive","article_modified_time":"2023-05-11T15:10:22+00:00","twitter_card":"summary_large_image","twitter_misc":{"Tiempo de lectura":"6 minutos"},"schema":{"@context":"https:\/\/schema.org","@graph":[{"@type":"WebPage","@id":"https:\/\/hydropyc.com\/servodrive\/politica-privacidad\/","url":"https:\/\/hydropyc.com\/servodrive\/politica-privacidad\/","name":"Pol\u00edtica de privacidad - ServoDrive","isPartOf":{"@id":"https:\/\/hydropyc.com\/servodrive\/#website"},"datePublished":"2023-05-10T11:41:17+00:00","dateModified":"2023-05-11T15:10:22+00:00","breadcrumb":{"@id":"https:\/\/hydropyc.com\/servodrive\/politica-privacidad\/#breadcrumb"},"inLanguage":"es","potentialAction":[{"@type":"ReadAction","target":["https:\/\/hydropyc.com\/servodrive\/politica-privacidad\/"]}]},{"@type":"BreadcrumbList","@id":"https:\/\/hydropyc.com\/servodrive\/politica-privacidad\/#breadcrumb","itemListElement":[{"@type":"ListItem","position":1,"name":"Portada","item":"https:\/\/hydropyc.com\/servodrive\/"},{"@type":"ListItem","position":2,"name":"Pol\u00edtica de privacidad"}]},{"@type":"WebSite","@id":"https:\/\/hydropyc.com\/servodrive\/#website","url":"https:\/\/hydropyc.com\/servodrive\/","name":"ServoDrive","description":"","publisher":{"@id":"https:\/\/hydropyc.com\/servodrive\/#organization"},"potentialAction":[{"@type":"SearchAction","target":{"@type":"EntryPoint","urlTemplate":"https:\/\/hydropyc.com\/servodrive\/?s={search_term_string}"},"query-input":"required name=search_term_string"}],"inLanguage":"es"},{"@type":"Organization","@id":"https:\/\/hydropyc.com\/servodrive\/#organization","name":"ServoDrive","url":"https:\/\/hydropyc.com\/servodrive\/","logo":{"@type":"ImageObject","inLanguage":"es","@id":"https:\/\/hydropyc.com\/servodrive\/#\/schema\/logo\/image\/","url":"https:\/\/hydropyc.com\/servodrive\/wp-content\/uploads\/2023\/05\/imagotipo-servodrive.png","contentUrl":"https:\/\/hydropyc.com\/servodrive\/wp-content\/uploads\/2023\/05\/imagotipo-servodrive.png","width":273,"height":67,"caption":"ServoDrive"},"image":{"@id":"https:\/\/hydropyc.com\/servodrive\/#\/schema\/logo\/image\/"}}]}},"_links":{"self":[{"href":"https:\/\/hydropyc.com\/servodrive\/wp-json\/wp\/v2\/pages\/3","targetHints":{"allow":["GET"]}}],"collection":[{"href":"https:\/\/hydropyc.com\/servodrive\/wp-json\/wp\/v2\/pages"}],"about":[{"href":"https:\/\/hydropyc.com\/servodrive\/wp-json\/wp\/v2\/types\/page"}],"author":[{"embeddable":true,"href":"https:\/\/hydropyc.com\/servodrive\/wp-json\/wp\/v2\/users\/1"}],"replies":[{"embeddable":true,"href":"https:\/\/hydropyc.com\/servodrive\/wp-json\/wp\/v2\/comments?post=3"}],"version-history":[{"count":2,"href":"https:\/\/hydropyc.com\/servodrive\/wp-json\/wp\/v2\/pages\/3\/revisions"}],"predecessor-version":[{"id":143,"href":"https:\/\/hydropyc.com\/servodrive\/wp-json\/wp\/v2\/pages\/3\/revisions\/143"}],"wp:attachment":[{"href":"https:\/\/hydropyc.com\/servodrive\/wp-json\/wp\/v2\/media?parent=3"}],"curies":[{"name":"wp","href":"https:\/\/api.w.org\/{rel}","templated":true}]}}